at is the tens digit of -13911*(-1 - 2/(-6))?
7
Let s(b) = b**2 - 8*b - 16. Let x(q) = q**2 - 19*q + 35. Let u be x(16). Let d be u/((1/(-2))/((-10)/(-20))). What is the units digit of s(d)?
9
Let t(v) = -3270*v - 706. What is the ten thousands digit of t(-6)?
1
Let c(g) = 30*g - 4281. What is the tens digit of c(151)?
4
Let v = -18271 + 31360. What is the hundreds digit of v?
0
Suppose -5*r = -5*z, 0*z = -4*r - 5*z + 27. Suppose -2*f + r*f - 11 = -5*w, -12 = -2*f - 5*w. What is the units digit of f?
1
Let j = -156 - -160. Suppose -j*d - 3*z = -658, -5*z + 488 = -15*d + 18*d. What is the tens digit of d?
6
Suppose -355196 = -26*n - 30196. What is the thousands digit of n?
2
Suppose -94*j - 5*p + 6125 = -91*j, -5*p = 2*j - 4075. What is the hundreds digit of j?
0
Let l(r) = 4*r**2 - 57*r. Let q be l(14). Let v be (11 - -1)/((-2)/(-11)). Let m = v - q. What is the units digit of m?
0
Let w = 5307 - 5709. Let x be (-2)/(-8) - (-2705)/(-4). Let y = w - x. What is the units digit of y?
4
Let o(v) = -v**2 - 10*v - 17. Let y be o(-8). Let a be (2396 + y)/5 + 3. Suppose -3*l - 12*x = -7*x - 491, -4*x - a = -3*l. What is the units digit of l?
2
Suppose -2*i = 3*v - 92, i = 4*v - v - 80. Let c = 0 + v. What is the tens digit of 3 + ((-609)/c)/(2/(-8))?
9
Suppose 0 = -5*w + t - 3*t - 8083, -3*w - 2*t - 4849 = 0. Let r = 2542 + w. What is the units digit of r?
5
Suppose 473*x - 504*x = -882043. What is the thousands digit of x?
8
What is the ten thousands digit of (387/(-172))/(93330/31112 + 4 + -7)?
1
Suppose -7*t = -3*t + 4*o - 336, -4*o + 424 = 5*t. Let l = t - -310. What is the tens digit of l?
9
Suppose l - 1676 = 2*z, -3*l + 4*z + 5063 = 5*z. Let p = -1087 + l. What is the units digit of p?
9
Let o = 108 - 122. What is the tens digit of 12/o + (-188)/(-7)?
2
Suppose 3*s = -2*i + 12 + 16, -5*i - 4*s + 77 = 0. Suppose i*m = 13*m + 4448. What is the thousands digit of m?
1
Let y = 10452 + -6370. What is the thousands digit of y?
4
Let d = -1271 + 2999. Suppose -18*n - 9*n = -d. What is the tens digit of n?
6
Suppose 49*p = 52*p - 990. Suppose 8*g - p = 894. What is the hundreds digit of g?
1
Suppose -3*a + 3*j + j + 20 = 0, -5*j - 2 = 2*a. Suppose -50 = -a*m + 82. What is the units digit of m?
3
Suppose 0 = -2*h + 41 + 19. Suppose -26*r - 428 = -4*p - h*r, 5*r + 179 = 2*p. What is the tens digit of p?
0
Let q(t) = 8*t + 71. Let m be q(-7). Suppose 5*p - m*p = -5930. What is the hundreds digit of p?
5
Suppose 4*f + 903 = 5*a + 243, 0 = -5*f + a - 804. Suppose -340 = 4*n - 5*x, 5*x + 85 = -2*n + n. Let b = n - f. What is the tens digit of b?
7
Let l = -232 - -221. Let q(v) = -19*v + 24. What is the tens digit of q(l)?
3
Suppose 106 + 14 = -4*p. Let z = 33 + p. Suppose -z*o = 19 - 55. What is the tens digit of o?
1
Suppose -3*c = 6*c - 63. Let w(q) = -8 + q**2 + c*q - 6*q + 6 + q + 293*q**3. What is the units digit of w(1)?
4
Let p = 31 + 1492. What is the tens digit of p?
2
Let u(g) = 23*g**2 + 17*g - 15. Let q be u(8). Suppose -4*y - q = -3*y - 3*x, 0 = 3*y + 4*x + 4844. What is the tens digit of (-1 - -2)/((-12)/y)?
3
Let c be (-25850)/(-90) - (-2)/(-9). Let r = c - -371. What is the tens digit of r?
5
Suppose -3*z + 6 = 0, -f = -41*z + 39*z - 57945. What is the hundreds digit of f?
9
Suppose 5*x + 5*v - 25 = -160, -4*v = 0. Let b = -25 - x. Suppose -b*i - 10 = 0, g + 6 = -i + 86. What is the units digit of g?
5
Suppose 100*o - 63 = 93*o. Suppose -4050 = -o*f + 4239. What is the tens digit of f?
2
Suppose 0 = 18*n - 30*n + 66492. What is the thousands digit of n?
5
Suppose 8*o + 16 = -32. What is the units digit of o/(540/(-33470)) + (-1)/(-9)?
2
What is the units digit of (-1 - 19/(-57))*32730/(-4)?
5
Let t(d) = -2*d**2 - 18*d + 1. Let h be t(-8). Suppose h = 6*l - 1. Suppose -l*o + 4*p = -362, 5*o - 4*p = -0*o + 606. What is the hundreds digit of o?
1
Suppose 7*d = d - 126. Let p be (144/d)/((-8)/56). What is the units digit of (-1119)/(-27) - p/108?
1
Suppose -3*m + 17 = 11. Suppose 2*s - 8 = -m*s. Suppose s*p = -8*p + 720. What is the tens digit of p?
7
Let r = 220 - 228. Let t(u) = -43*u - 180. What is the units digit of t(r)?
4
Let w be (80/(-36))/(3/(-27)). Suppose w*q = 2621 + 1079. What is the tens digit of q?
8
Let u be 12187/(-28) + 6/(-8). What is the tens digit of (-2 - u) + -23 + 20?
3
Let y be (-9)/18*-95*(-4)/(-5). Suppose -y*v + 13*v = -3050. What is the tens digit of v?
2
Suppose 33*q = 86 + 79. Suppose t + q*n = 416, -5*n = 81*t - 83*t + 787. What is the units digit of t?
1
Suppose p = -5*x + 1971, 2*p - 5*x = 3146 + 766. Suppose -o + 3898 = 5*g, -3*g = -5*o - 389 - p. What is the units digit of g?
0
Let y be (-4)/24 - 679/(-6). Suppose -3*z = -d + 206, 310 + y = 2*d + 5*z. What is the units digit of d?
9
Let a = 11 - -26. Suppose -40*x - 3*g = -43*x + 135, -x = -3*g - a. What is the tens digit of x?
4
Let m(a) = 52*a**2 + 0*a - 3*a + 301 + a - 53*a**2. What is the units digit of m(0)?
1
Let y = 254 + -252. Suppose -5*x + 2174 = -4*w, 2*w + y = -0. What is the hundreds digit of x?
4
Suppose -17006 = -32*k + 30546. What is the thousands digit of k?
1
Suppose -4*r - 16 = -0*u - u, -u + 4 = -r. Suppose u = 10*n - 0*n - 4540. What is the units digit of n?
4
Let c(s) = 171*s - 16. Let r be c(-19). Let l = -2125 - r. What is the hundreds digit of l?
1
Suppose 2*l - 6 = 0, 15*h - 12*h - l - 23460 = 0. What is the hundreds digit of h?
8
Let c = 0 - -4. Suppose -g - 26 = -0*g - 5*y, -9 = c*g - y. What is the tens digit of (-1)/2*(g - 1) + 147?
4
Suppose 0 = 421*x - 228*x - 9525708. What is the thousands digit of x?
9
Let m = -444 + 474. What is the units digit of 13052/15 + 1/(m/(-4))?
0
Let b = -12 + 15. Let n(j) = -22*j**2 - 4*j + 1. Let h be n(b). Let m = 355 + h. What is the tens digit of m?
4
Suppose 0 = 4*f + 17097 - 44389. What is the tens digit of f?
2
What is the hundreds digit of 76148/7 - 154/539?
8
Let s(n) = -n**3 + 2*n - 10. Let x(c) = c**3 - c**2. Let h(u) = s(u) + 2*x(u). Let j be h(3). Suppose -j*p = -4*p - 116. What is the hundreds digit of p?
1
Let v be (-1608)/(-16)*(3 - (-265)/15). Suppose -3323 = -8*a + v. What is the hundreds digit of a?
6
Let s(h) = -h**3 + 20*h**2 + 22*h - 14. Let v be s(21). Suppose -2639 - 490 = -v*j. What is the hundreds digit of (j/(-3))/(7 + -8)?
1
Suppose -4 + 10 = 2*x, 0 = 2*a - 3*x + 15. Let n be 4032/14*(-2)/a. Let s = 282 - n. What is the units digit of s?
0
Let d be (6/3 - 0)/((-6)/(-465)). Let h = d - 155. Suppose h = -4*b - p + 1209, -3*b = -8*b - 4*p + 1525. What is the hundreds digit of b?
3
Let j = 390 - 346. Suppose -61*y + j*y = -20655. What is the tens digit of y?
1
What is the tens digit of -3 - (802710/(-99) - (-8)/44)?
0
Let s(k) = -5*k + 1. Let m(i) = -10*i + 4. Let v(z) = 6*m(z) - 14*s(z). Suppose -3*u - 2*u = -30. What is the units digit of v(u)?
0
Let z(y) = -y**2 + 20*y + 20. Suppose -3*h = 3*t, -4*h - 2 = -3*t + 33. Suppose 4*v + s - 23 = 3*v, 0 = -v + t*s + 5. What is the units digit of z(v)?
0
Suppose 6*j - j - 540 = 0. Let q = 1174 + -925. Let n = q - j. What is the units digit of n?
1
Suppose 2*x - 3*k = 1105 + 1516, 9 = -3*k. Suppose 5*y = a - 432, 5*a - y = x + 806. What is the units digit of a?
2
Let i = -31115 - -83149. What is the thousands digit of i?
2
Let q be 57/15 - (-3)/15. Suppose 0 = i - d - 4*d - 116, 5*i - 696 = -q*d. What is the tens digit of i?
3
Let c(w) = 1623*w + 163. Let q be c(10). Suppose 13*p - q = -0*p. What is the hundreds digit of p?
2
Suppose -s = -5, -3*s - 2 + 15 = -k. Suppose 222 = o + k*j, o = 4*o - 2*j - 650. What is the units digit of o?
8
Let p(b) = 7*b. Let k(q) = -6*q - 1. Let c(y) = -5*k(y) - 4*p(y). Let s be c(-2). Let i(r) = 136*r**3 - 2*r**2 + 2. What is the units digit of i(s)?
6
Let u = 14150 - 4570. What is the units digit of u?
0
Suppose w + 5*k + 93 = 0, w + 24 + 63 = -3*k. Let n = w - -83. Suppose -2*q - n*x + 221 = 0, x - 216 = -2*q - 3*x. What is the tens digit of q?
9
Suppose -6*j - 4*j + 40 = 0. Suppose 4*z = -4*n, -z + j*z - 35 = 4*n. What is the units digit of (1 + n)*(-202)/8?
1
Suppose 0 = -m + 2*s + 6642, 0*s - 19950 = -3*m - 2*s. What is the units digit of m?
8
Suppose 12*a = 218675 + 50245. What is the tens digit of a?
1
Suppose 262843 - 791061 = 12*w - 58*w. What is the ten thousands digit of w?
1
Let r be 